) = t**2 - 6*t + 10. Let o be m(u). Suppose -o*f = 8, 3*a - 4*f + 17 = 48. What are the prime factors of a?
5
Let w = 46 + -43. Suppose -q + 5*b + 130 = 2*q, -w*b + 194 = 5*q. List the prime factors of q.
2, 5
Suppose -2*n + 880 = 3*o, -3*n + 0*n + 2*o + 1320 = 0. What are the prime factors of n?
2, 5, 11
Suppose -4*l = -r - 3*l + 7, 4*l + 20 = 0. Suppose -r*a = -0*a - 46. What are the prime factors of a?
23
Let o(f) = -123*f - 15. List the prime factors of o(-10).
3, 5
Let b = 422 + 5. Suppose 3*m + 55 = b. Suppose -3*p = p - 4*g - m, -4*g - 54 = -2*p. What are the prime factors of p?
5, 7
Suppose -5*m = i - 502, 102 = -i - 4*m + 605. What are the prime factors of i?
3, 13
Let l(c) be the second derivative of 53*c**3/6 + c**2/2 + 4*c. Let v be l(3). Suppose 0 = 4*a - 0*a - v. List the prime factors of a.
2, 5
Suppose -6 = -3*y - 3. Let b(c) = c**2 - 7*c + 1. Let f be b(7). Let n = f + y. What are the prime factors of n?
2
Let n(g) = -2*g + 11. Let y be n(-10). Suppose -4*o + 3 = y. What are the prime factors of 5*(-24)/28*o?
2, 3, 5
Suppose 5*q - 4*v = -304, -2*v + 3 = v. Let i = 228 - q. What are the prime factors of i?
2, 3
Suppose -g - 2*n - 4 = 2, 0 = -2*g - 3*n - 7. Suppose -4*q = 12 + g. List the prime factors of ((-2)/(-5))/(q/(-80)).
2
Let o(c) be the first derivative of -c**4 + c**3/3 + 5. Let t be o(-1). Suppose t*u - 10 = -2*h - 3*h, 3*h = -4*u + 13. List the prime factors of u.
7
Let b = -40 + -41. Let c = 123 + b. List the prime factors of c.
2, 3, 7
Let z = -514 - -967. List the prime factors of z.
3, 151
Let u(i) = -i**2 - 7*i + 3. Let s be u(-6). Let a be s/(-6)*518/(-21). Suppose -5*r = 3*h - a, 2 = r + 2*h - 4. What are the prime factors of r?
2
Suppose -4*c + 3*c - 3*s = 7, -2*c = -s - 7. Suppose c*i + 96 = 5*i. Suppose o + i = -f + 2*f, -f + 52 = -5*o. List the prime factors of f.
3
Let z(m) = m + 1. Let r(c) = 2*c**2 - 8*c - 24. Let u(w) = r(w) - 3*z(w). List the prime factors of u(12).
3, 43
Suppose -m + 9752 = 3*m. List the prime factors of m.
2, 23, 53
Let l(f) = f**2 - 12*f - 11. Let d be l(13). Let c = d + 4. Suppose 3*r - c*r - 4*o + 188 = 0, 0 = 4*r + o - 242. What are the prime factors of r?
2, 3, 5
Let v be (4 - (1 + 2)) + -3. Let b = v - -7. Suppose 0*u + 5*u = 0, b*u - 20 = -t. What are the prime factors of t?
2, 5
List the prime factors of (540/18)/((-4)/(-90)).
3, 5
What are the prime factors of 7 + 1 - (-2142)/21?
2, 5, 11
Let t = 219 + -128. Suppose -5*i = -v + 109, i + t = -3*i - 3*v. Let d = i + 39. List the prime factors of d.
17
Let o(y) = -557*y**2 + 558*y**2 + 0*y + 5*y. List the prime factors of o(-7).
2, 7
Let i = -1 - -22. Suppose 2*a + i - 111 = 0. What are the prime factors of a?
3, 5
Suppose -4*o - o = 3*s - 62, s + o - 22 = 0. Suppose -2*v + s = -4*x + 8, 3*v + 3*x - 15 = 0. List the prime factors of v.
2, 3
Suppose 16*m - 22*m = -2622. List the prime factors of m.
19, 23
Let g = -325 - -1176. List the prime factors of g.
23, 37
Suppose -972 = -8*s + 940. Let x = s + 9. What are the prime factors of x?
2, 31
Let h(o) be the second derivative of -o**5/20 + o**4/3 + 3*o**3/2 - 7*o**2/2 + 6*o. Let x be h(6). List the prime factors of 2/10 + (-1045)/x.
2, 3, 7
Suppose -2*d - 37 = -49. Suppose 4*x + t = d*t + 197, 0 = 3*x + 2*t - 119. What are the prime factors of x?
43
Suppose 4*n + 1 = -7. Let f be (n + 5)/1 + 84. Let k = -55 + f. What are the prime factors of k?
2
Let j(g) = 28*g - 469. What are the prime factors of j(30)?
7, 53
Suppose -452 = -3*m - 0*i + 2*i, i = 3*m - 454. What are the prime factors of m?
2, 19
Let v(m) = -28*m**3 + 2*m**2 + 5*m + 1. Let l be v(-3). Suppose -21*t + 26*t = l. List the prime factors of t.
2, 19
Suppose -4*r + 242 + 220 = u, u - 477 = r. Let z = u - 273. List the prime factors of z.
3, 67
Suppose 10*s - 5*s - 40 = 0. Suppose 0 = -s*z + 6*z. Suppose z*t - 5*t = -5, 5*x + 2*t = 142. List the prime factors of x.
2, 7
Suppose h = x - 3285, 0*x + x - 3294 = -2*h. What are the prime factors of x?
2, 3, 137
Suppose 5*r = -2*z - 48, 5*r + 3*z = -0*z - 52. Let n = -6 - r. Suppose -3*y = b - n*y - 9, 0 = b - y - 11. List the prime factors of b.
2, 5
Suppose 4*x + 2110 = -x. Let v = x - -596. What are the prime factors of v?
2, 3, 29
Let f be 10/35 - 411/(-7). Let i = f - 87. List the prime factors of (-12)/i - (-123)/7.
2, 3
Suppose -13*z - 14*z + 16740 = 0. What are the prime factors of z?
2, 5, 31
Let l(u) = u**3 - 19*u**2 + 20*u - 31. Let r be l(18). Suppose -5*j + j + 5*h + 403 = 0, -506 = -r*j + 4*h. What are the prime factors of j?
2, 3, 17
Suppose 48 = -5*h + 3*x - 385, -3*h + 3*x = 255. Let c = h + 179. Suppose 2*l = -5*p + 147, 5*p + l - 56 = c. What are the prime factors of p?
29
Let l(k) be the second derivative of k**5/20 + k**4/3 - k**3/6 - 7*k**2/2 - 6*k - 2. List the prime factors of l(4).
3, 13
Suppose 0 = -h + 726 + 790. List the prime factors of h.
2, 379
Let i = 5093 + -2880. List the prime factors of i.
2213
Suppose 4*s + 3 = -1. Let w = -28 - -34. List the prime factors of w/(-6)*(-34 - s).
3, 11
Suppose 13*b = 18*b + 20. Let f be (-11)/b - 5/(-20). Suppose o - 30 = -v - 2*o, -f*o = 4*v - 120. What are the prime factors of v?
2, 3, 5
Let j(i) = 2*i**2 + 5*i + 9. Let x(d) = -2*d**2 - 4*d - 10. Let l(u) = -7*j(u) - 6*x(u). Let f be l(-8). Let o = -29 - f. What are the prime factors of o?
2, 7
Let f = -435 + 647. List the prime factors of f.
2, 53
Let w = 21 - 19. Suppose -76 = -w*f - 5*o + 76, -5*f + 5*o = -415. What are the prime factors of f?
3
Let f be 4/(24/(-9))*-2. Suppose -210 = -2*v + 2*w - 70, f*w = 0. Suppose -3*c + v = -35. What are the prime factors of c?
5, 7
Let f(d) = 14*d**2 + 4. Let o(x) = x**2 + x. Let s(i) = -f(i) + 2*o(i). Let z be s(3). Let h = -64 - z. What are the prime factors of h?
2, 3, 7
Suppose 4*n = 7*n - 45. Let t = n - -58. List the prime factors of t.
73
Suppose -3*t + 2*b + 865 = 0, 12*t - 8*t - 1158 = -2*b. List the prime factors of t.
17
Let j(b) = b**3 - 11*b**2 - 10*b - 24. Let t be j(12). Suppose t = 14*x - 2021 - 1717. List the prime factors of x.
3, 89
Let t(j) = -j**2 + 8*j - 6. Let p = -5 - -10. Let w be t(p). Suppose 0 = 5*z - w - 6. List the prime factors of z.
3
Suppose 0 = 4*c - 5214 + 1834. List the prime factors of c.
5, 13
Suppose 5*m = 4*m + 12. Suppose -v = -t - t - 4, -4*v + 4*t = -m. Suppose -5*f + 39 = -v*f. What are the prime factors of f?
13
List the prime factors of (1 - 5)*5/((-40)/4064).
2, 127
List the prime factors of ((-63)/(-18))/((-3)/(-318)).
7, 53
Suppose -f = 5*k - 5020 - 876, k - 17744 = -3*f. What are the prime factors of f?
2, 3, 17, 29
Let y(n) = 16*n**2 + 8*n + 5. Let m be y(-2). Let o = 59 - m. List the prime factors of o.
2, 3
Let y = -3723 - -5831. List the prime factors of y.
2, 17, 31
Suppose -5*f + 9 = -4*b, -2*b + f = 2*b - 11. Suppose v = -b*v - 4605. List the prime factors of 1/7 - v/21.
2, 11
Suppose 3*a = l + 2, -3*l + 2*l + 12 = 4*a. Suppose -a*k + 3*k = -3. What are the prime factors of 88/8 - (0 - k)?
2
Let f be (-5 + 2)/((-2)/(-10)). List the prime factors of (f/(-20))/((-1)/(-20)).
3, 5
Let d(g) = 1859*g + 237. List the prime factors of d(2).
5, 7, 113
Suppose 3*x + 4*f + 10 = 0, -x - 4*x + 5*f + 30 = 0. Let h be x + (-1 - (-2 + 0)). Suppose h*d + d = 92. What are the prime factors of d?
23
Let q = -27 - -32. Suppose q*r - 508 = -3*t, -2*t - 2*t = -2*r + 224. List the prime factors of r.
2, 13
Suppose 9*t = 4*t + 1185. Suppose 2*s - t - 231 = 0. List the prime factors of s.
2, 3, 13
Let o(a) be the second derivative of 8*a**3/3 - a**2 + 2*a. Let k be o(-2). Let x = k - -51. List the prime factors of x.
17
Let q = 3 - -11. Suppose -l - q = -8. Let u(i) = -i**2 - 10*i - 10. What are the prime factors of u(l)?
2, 7
Let h be (42/28)/((-1)/(-6)). Suppose t - 5*t + 1 = -b, 0 = 4*t - 4. What are the prime factors of h*b + (-4)/(-4)?
2, 7
Suppose 0 = 4*r + w + 75, -2*r = 2*r - 4*w + 80. Let k = -301 + 264. Let v = r - k. List the prime factors of v.
2, 3
Let u(z) = z**2 - z**2 + 3 - 5*z + z**2 + 0*z**2. Let x be u(5). Suppose 1 = -r - 2, 0 = -x*w - 5*r + 6. List the prime factors of w.
7
Let k(i) = -i**3 + 13*i**2 + 33*i + 8. Let v be k(15). Suppose -v*x + 450 = -51*x. What are the prime factors of x?
3, 5
Let p be (-1254)/(-10) - 6/15. Suppose 3*r = p + 67. What are the